divide 333690?
True
Is 728926 a multiple of 6?
False
Does 103 divide 11037736?
False
Is 73 a factor of 139927?
False
Is 9102 a multiple of 5?
False
Is 518 a factor of 15028435?
False
Does 999 divide 6925480?
False
Does 63 divide 21611081?
False
Is 2782565 a multiple of 445?
False
Does 3 divide 294330?
True
Does 301 divide 13687120?
False
Is 726858 a multiple of 18?
True
Is 396 a factor of 1245346?
False
Does 106 divide 1757586?
True
Is 7 a factor of 11996679?
False
Does 18 divide 941602?
False
Does 29 divide 92055?
False
Is 306760 a multiple of 5?
True
Does 19 divide 1004739?
True
Is 982 a factor of 14257297?
False
Is 2998037 a multiple of 84?
False
Is 25 a factor of 3388421?
False
Is 12041 a multiple of 67?
False
Is 27403715 a multiple of 439?
False
Is 68 a factor of 144364?
True
Is 382 a factor of 304345?
False
Does 26 divide 2838498?
True
Is 3 a factor of 268452?
True
Is 231247 a multiple of 7?
False
Does 5 divide 271675?
True
Does 14 divide 493093?
False
Does 11 divide 243565?
False
Is 1653416 a multiple of 113?
True
Does 314 divide 592660?
False
Is 143 a factor of 642049?
False
Is 27 a factor of 26379?
True
Does 5 divide 101495?
True
Does 14 divide 516969?
False
Does 8 divide 857114?
False
Is 478972 a multiple of 26?
True
Is 275750 a multiple of 618?
False
Is 525 a factor of 13245225?
True
Does 43 divide 901947?
False
Does 102 divide 756738?
True
Does 19 divide 801761?
False
Is 56 a factor of 168224?
True
Is 805948 a multiple of 143?
True
Is 106 a factor of 4705340?
True
Does 150 divide 364050?
True
Is 7173 a multiple of 18?
False
Does 2371 divide 26823930?
False
Does 1094 divide 2324750?
True
Does 157 divide 204885?
True
Is 1368720 a multiple of 16?
True
Is 153543 a multiple of 34?
False
Is 10 a factor of 2621702?
False
Is 1118294 a multiple of 31?
True
Is 746 a factor of 2597572?
True
Is 6 a factor of 3128692?
False
Is 46 a factor of 115460?
True
Is 17376531 a multiple of 23?
False
Is 186105 a multiple of 116?
False
Does 9 divide 175878?
True
Does 25 divide 270971?
False
Is 575 a factor of 8097150?
True
Does 55 divide 2335209?
False
Is 13 a factor of 1075014?
False
Does 25 divide 142475?
True
Does 11 divide 89177?
True
Does 50 divide 553900?
True
Is 4301099 a multiple of 23?
False
Is 320 a factor of 130240?
True
Does 93 divide 7781019?
False
Is 8769770 a multiple of 485?
True
Does 70 divide 317940?
True
Is 21 a factor of 17988?
False
Is 4 a factor of 10392?
True
Is 1105715 a multiple of 13?
True
Is 18784 a multiple of 64?
False
Does 194 divide 60140?
True
Does 4 divide 177860?
True
Is 68336 a multiple of 41?
False
Does 180 divide 4521240?
True
Is 388 a factor of 666972?
True
Is 31 a factor of 563239?
True
Is 18 a factor of 3765?
False
Does 114 divide 359422?
False
Does 45 divide 112275?
True
Is 83 a factor of 346349?
False
Does 8 divide 28230?
False
Is 1093 a factor of 848195?
False
Is 408746 a multiple of 864?
False
Is 1540330 a multiple of 209?
True
Is 8 a factor of 813358?
False
Is 8 a factor of 46366?
False
Is 697401 even?
False
Does 185 divide 94838?
False
Does 48 divide 189120?
True
Is 186 a factor of 444168?
True
Is 20669 a multiple of 131?
False
Is 68 a factor of 87992?
True
Does 50 divide 316250?
True
Is 151 a factor of 2724096?
False
Does 83 divide 34412?
False
Is 617759 a multiple of 19?
False
Is 382 a factor of 216132?
False
Is 468182 a multiple of 53?
False
Is 230888 a multiple of 28?
True
Is 172224 a multiple of 288?
True
Is 6831432 a multiple of 8?
True
Is 221725 a multiple of 7?
True
Is 3082060 a multiple of 163?
False
Is 7820288 a multiple of 28?
True
Is 31 a factor of 100597?
False
Is 160 a factor of 6455677?
False
Does 915 divide 3899730?
True
Is 1788855 a multiple of 93?
True
Is 2270223 a multiple of 237?
True
Is 13 a factor of 10585588?
True
Is 2132326 a multiple of 13?
False
Is 10 a factor of 96737?
False
Does 5 divide 272657?
False
Is 21 a factor of 99987?
False
Does 556 divide 171333?
False
Does 70 divide 437150?
True
Does 11 divide 495613?
False
Does 341 divide 13116565?
True
Is 41075 a multiple of 25?
True
Does 6 divide 396906?
True
Is 212 a factor of 3635588?
True
Is 154 a factor of 214083?
False
Does 20 divide 295031?
False
Is 64 a factor of 2203776?
True
Is 116 a factor of 84100?
True
Is 49 a factor of 88602?
False
Is 85 a factor of 141185?
True
Does 4 divide 42615?
False
Is 152 a factor of 4734715?
False
Does 194 divide 932558?
True
Does 11 divide 173091?
False
Is 39 a factor of 1199824?
False
Is 1048 a factor of 25973991?
False
Does 11 divide 421621?
False
Is 699293 a multiple of 236?
False
Does 146 divide 3168693?
False
Is 14 a factor of 2566382?
True
Is 391797 a multiple of 567?
True
Does 264 divide 7846344?
True
Does 32 divide 30560?
True
Is 75 a factor of 20475?
True
Is 8 a factor of 23040?
True
Is 3707728 a multiple of 403?
False
Is 1626794 a multiple of 169?
True
Does 12 divide 2740224?
True
Does 7 divide 108920?
True
Is 4694886 a multiple of 38?
False
Is 138 a factor of 222732?
True
Is 12 a factor of 2156949?
False
Does 59 divide 18939?
True
Does 73 divide 347?
False
Does 260 divide 224380?
True
Does 68 divide 898430?
False
Does 101 divide 5772554?
True
Is 4 a factor of 2194779?
False
Is 32 a factor of 356128?
True
Is 42962 a multiple of 128?
False
Does 9 divide 344701?
False
Is 139 a factor of 518336?
False
Does 42 divide 29274?
True
Does 7 divide 236919?
False
Does 34 divide 495443?
False
Does 558 divide 8778122?
False
Does 303 divide 4361382?
True
Is 152880 a multiple of 10?
True
Is 76655 a multiple of 170?
False
Is 2 a factor of 87525?
False
Is 54168 a multiple of 67?
False
Does 116 divide 143072?
False
Is 58 a factor of 49880?
True
Is 44 a factor of 123992?
True
Is 4 a factor of 82323?
False
Is 3 a factor of 84205?
False
Is 400474 a multiple of 214?
False
Does 37 divide 58057?
False
Is 5 a factor of 31441?
False
Does 13 divide 1287872?
False
Is 5204862 a multiple of 31?
False
Is 1811334 a multiple of 707?
True
Does 14 divide 8151724?
True
Is 2331 a multiple of 13?
False
Does 340 divide 890188?
False
Is 83 a factor of 762023?
True
Is 5 a factor of 432957?
False
Does 88 divide 57200?
True
Is 254120 a multiple of 34?
False
Does 11 divide 13552?
True
Is 60 a factor of 16351?
False
Does 33 divide 377673?
False
Is 1852080 a multiple of 10?
True
Does 14 divide 710715?
False
Is 5476283 a multiple of 71?
False
Does 12 divide 5748?
True
Is 73 a factor of 66953?
False
Is 37 a factor of 15570035?
False
Does 19 divide 4728265?
False
Is 7 a factor of 1461979?
False
Is 577461 a multiple of 214?
False
Does 19 divide 43043?
False
Is 20 a factor of 25764258?
False
Is 80 a factor of 1255440?
True
Is 57 a factor of 17670318?
False
Does 34 divide 2082602?
True
Does 125 divide 1358576?
False
Is 2600334 a multiple of 23?
True
Is 165 a factor of 100545?
False
Does 72 divide 276408?
True
Is 57540 a multiple of 274?
True
Is 1891 a factor of 8581013?
False
Does 39 divide 185211?
True
Is 20 a factor of 1034780?
True
Does 697 divide 6031838?
True
Is 844 a factor of 11794256?
False
Is 24 a factor of 162735?
False
Does 359 divide 439703?
False
Does 167 divide 332237?
False
Is 12605488 a multiple of 21?
False
Is 940248 a multiple of 12?
True
Is 967758 a multiple of 682?
True
Is 1726302 a multiple of 367?
False
Is 997968 a multiple of 17?
True
Does 704 divide 1453056?
True
Is 4520474 a multiple of 33?
False
Is 248 a factor of 5145008?
True
Is 317653 a multiple of 16?
False
Is 89 a factor of 211108?
True
Is 2890180 a multiple of 122?
True
Is 83473 a multiple of 183?
False
Does 2 divide 375741?
False
Is 46 a factor of 1039830?
True
Is 24 a factor of 403398?
False
Is 3 a factor of 3930120?
True
Is 1222 a factor of 1225666?
True
Is 545 a factor of 6607046?
False
Does 7 divide 1169119?
True
Does 236 divide 691952?
True
Is 1080960 a multiple of 60?
True
Does 80 divide 1182720?
True
Does 7 divide 1491889?
True
Does 291 divide 1256829?
True
Is 16 a factor of 10905120?
True
Does 13 divide 3363804?
False
Is 30 a factor of 760950?
True
Is 155 a factor of 292330?
True
Is 458 a factor of 106392?
False
Is 46483 a multiple of 23?
True
Does 336 divide 4556496?
True
Does 721 divide 22986922?
True
Is 3063645 a multiple of 54?
False
Is 3725388 a multiple of 495?
False
Does 1802 divide 6837198?
False
Is 35 a factor of 3006582?
False
Is 349 a